- 42*j - 40. Does 4 divide g(12)?
True
Suppose 7*l + 4*b - 158 = 4*l, 4*l = -4*b + 212. Is l a multiple of 23?
False
Let w = -112 - -94. Is 42 a factor of w*-2*(-13)/(-4)?
False
Suppose -3*z + 6*z + 3*v - 144 = 0, 321 = 6*z - 5*v. Is z a multiple of 28?
False
Let g = 138 - -1237. Is 25 a factor of g?
True
Let f(h) = 2*h**2 + 4*h. Let k(z) = 3*z - 7. Let m(r) = 48*r - 111. Let v(s) = 33*k(s) - 2*m(s). Let i be v(4). Is f(i) a multiple of 5?
True
Let t = 70 - -53. Let b = t + -70. Does 4 divide b?
False
Let b(i) = i**3 + 2*i**2. Let d be b(-2). Suppose 3*f = -4*u + 53, d*f = -f - 2*u + 21. Let p = f - 7. Does 4 divide p?
True
Let b be 8/16*1*8. Suppose -b*i + 2*v + 42 = i, -2*i + 2*v + 12 = 0. Is 6 a factor of i?
False
Let o = 86 - 11. Suppose 4*j = 3*r + 95, -o = -4*j - 3*r + 2*r. Is 5 a factor of j?
True
Let x = 74 - 31. Does 43 divide x?
True
Let m(k) = -8*k**3 + k**2 - 1. Let p be m(1). Let l = 12 + p. Suppose -41 - 23 = -l*x. Is 8 a factor of x?
True
Let d(r) = r + 1. Let j(n) = -5*n - 5. Let h(g) = -9*d(g) - 2*j(g). Is h(18) a multiple of 2?
False
Let k(t) = 23*t**2 - 18*t + 5. Is 61 a factor of k(2)?
True
Let n = -21 + 24. Suppose 3*d + 2*l - 1 + 5 = 0, -n*l + 20 = -2*d. Is 10 a factor of 101/5 + d/20?
True
Let a = 26 - 25. Let z(g) = 5*g**3 - g**2 + g. Is 5 a factor of z(a)?
True
Suppose 0 = 39*x - 2934 - 23274. Does 10 divide x?
False
Let w be ((-8)/32)/((-2)/24). Does 19 divide 78 + 3/w + -5?
False
Let f(i) = i**2 - 9*i + 18. Does 18 divide f(-15)?
True
Suppose w + 1 = 4*n, 3*w - 2*n + 0*n - 7 = 0. Let v(a) = -a**2 + 4*a + 10. Let m be v(5). Let k = m + w. Is k a multiple of 3?
False
Let x(b) be the second derivative of 5*b**5 + b**3/3 - b**2/2 + 12*b. Does 21 divide x(1)?
False
Suppose -77*r + 75*r = -186. Is r a multiple of 5?
False
Let v(s) = 8*s**2 - 5*s + 1. Let c(q) = 17*q**2 + 0 + 7 - 4 - 11*q. Let t(w) = -3*c(w) + 7*v(w). Does 4 divide t(-2)?
False
Suppose 0*p - p - 3*h = -6, p + 2*h = 5. Suppose p*q = -q + 228. Is 19 a factor of q?
True
Suppose -5*w + 0*w = -350. Let u = 3 + -17. Is (w/(-49))/(1/u) a multiple of 4?
True
Let h(s) = -s**3 - 4*s**2 + 15*s - 7. Suppose -3*f = 0, 11*p = 6*p + 5*f - 35. Is 4 a factor of h(p)?
False
Let z(s) = -18*s**3 - 7*s**2 - 2*s + 5. Is z(-3) a multiple of 62?
True
Let b(k) = 17*k - 533. Let c be b(34). Let a = 16 - 9. Suppose -2*t - c = -a*t. Is t a multiple of 8?
False
Suppose 0 = -5*b + 2*b + 408. Does 8 divide b?
True
Let c(p) = 42*p - 9. Let x(o) = -42*o + 9. Let u(r) = 6*c(r) + 5*x(r). Is 39 a factor of u(3)?
True
Let c = -11 + 12. Let r be (98/(-3 + 5))/c. Suppose 2*n - r = 19. Is n a multiple of 9?
False
Let b be 0 + 7 + (-12)/4. Suppose -b*k = -2*k. Let n = k - -5. Is n a multiple of 2?
False
Let k(w) = 63*w**2 + w - 1. Let o(n) = -8*n + 3. Let t be o(-4). Let a = t - 34. Is 9 a factor of k(a)?
True
Suppose 2*o = -9*o + 2970. Is 18 a factor of o?
True
Let y = 1 - 13. Let m(j) = -j**3 - 10*j**2 + 12*j - 12. Is m(y) a multiple of 22?
True
Let h = -9 + 7. Let c(x) = x + 2. Let u be c(h). Suppose u = 3*m - 52 + 13. Is m a multiple of 9?
False
Is (-174)/(1 + -3) + 2 a multiple of 23?
False
Let f = 53 + -81. Let w be f/5 + 6/10. Is 4 a factor of (-2 - -7)*(-4)/w?
True
Suppose 0*y = -4*a - y - 82, 5*y - 50 = 3*a. Let h = 91 + a. Is h a multiple of 9?
False
Let u = 291 + -169. Suppose 0 = 4*p + 3*f - 248, -f + u = 5*p - 3*p. Does 59 divide p?
True
Suppose -2*n = 3*k - 1, 0 = 5*n + 3*k + k - 13. Let v = -2 - -5. Suppose 2*u + 2*u + n*o = 61, 3*o - 48 = -v*u. Is u a multiple of 5?
False
Suppose 0 = -p + 10*p - 18. Suppose 2*b - 24 = -p*b. Is 2 a factor of b?
True
Let s be -6*(-246)/27 + 2/6. Suppose -1 - 7 = 2*d. Let r = d + s. Does 17 divide r?
True
Is 20 a factor of 54588/26 - (-372)/806?
True
Let k be (-2)/11 - ((-96)/44 - 3). Suppose -122 + 347 = k*v. Is v a multiple of 8?
False
Suppose -17701 - 10833 = -22*j. Is 4 a factor of j?
False
Let v be 0*(39/12 - 3). Let d be (-2)/(-6) + (-140)/(-12). Suppose d = -v*i + 3*i. Is 3 a factor of i?
False
Let a(k) = k**2 + 8*k + 7. Suppose -2*o + z = 70, 165 - 33 = -4*o - 2*z. Let s be o/(-6) + 10/(-15). Is 10 a factor of a(s)?
False
Let k = -334 - -446. Does 7 divide k?
True
Let s = 43 - 40. Let l(z) = 2*z**3 - 6*z**2 + 8*z - 5. Is l(s) a multiple of 3?
False
Suppose g + 2 = 1, -92 = -2*d + 4*g. Is 5 a factor of 3/(-4) + 2233/d?
True
Let v be -2 - (-16)/3 - 1/3. Let x = 2 + 1. Suppose m - 5 = -x*r, -26 = -5*m + v*m + 2*r. Is m a multiple of 5?
False
Let h = 21 + -19. Suppose h*z = 20 + 56. Does 12 divide z?
False
Let j(s) = -s. Let i(b) = 2*b + 81. Let q(h) = i(h) + 5*j(h). Does 27 divide q(0)?
True
Suppose 13*b + 225 = 18*b. Let i = -5 - b. Let k = -26 - i. Does 18 divide k?
False
Let r(c) = -c**2 + 4*c + 9. Let d be r(-3). Let u = 62 + d. Is 20 a factor of u?
False
Let f(h) = h**3 - 2*h**2 + h + 3. Let w be f(0). Let g = w - -39. Is 14 a factor of g?
True
Let j(g) be the first derivative of 5 + 0*g**2 + 2/3*g**3 - 4*g. Does 4 divide j(3)?
False
Suppose 2*m + 2 = -146. Let q = m - -166. Does 6 divide q?
False
Let v be (-196)/(-20) - (-4)/20. Let m = 16 - v. Suppose 4*p = -m + 42. Does 3 divide p?
True
Let m(z) = -8 + 1 - 15 + 3*z + 17*z**2 + 6 + z**3. Let t be m(-16). Suppose -13*x = -17*x + t. Does 12 divide x?
True
Suppose 0 = -14*p + 7*p - 455. Is 26/p - 124/(-10) a multiple of 12?
True
Let m(o) = o + 13 + 11 - 5. Suppose 3*s + 20 = -10. Is 3 a factor of m(s)?
True
Let z = 214 + -70. Does 16 divide z?
True
Suppose 33 = c - 0*c. Let n(s) = s**3 + 5*s**2 - 2*s - 6. Let w be n(-5). Let b = c + w. Is b a multiple of 10?
False
Let u(j) = -63*j - 3. Is 20 a factor of u(-3)?
False
Let j(o) = -28*o**2 + o + 1. Suppose 2*d - s + 2 = 0, s + 3 = -3*d - s. Let g be j(d). Does 12 divide ((-18)/21)/(1/g)?
True
Suppose 3515 = -42*c + 21743. Does 6 divide c?
False
Let u(t) = t**3 + t**2. Let s(j) = 7*j**3 - 2*j**2 - 9. Let d(w) = s(w) - 6*u(w). Let z be d(8). Let h = z + 20. Does 8 divide h?
False
Let u(q) be the second derivative of -q**3/2 + q**2 - 4*q. Let g be u(2). Is 2 a factor of g/(-5)*25/10?
True
Let o = 122 + 30. Does 10 divide o?
False
Suppose m + 0*m + 30 = 0. Let n = 215 + m. Does 38 divide 1 - (-3)/(15/n)?
True
Let u(s) = s**3 - 7*s**2 + s - 5. Let w be u(7). Suppose -4 = v + 3*m, w*m = v - 9 - 2. Suppose 272 - 92 = v*g - 2*c, 0 = -4*c. Is g a multiple of 18?
True
Let l = 53 - 51. Suppose l*o - 61 = q, o + q - 32 = -0*q. Is 7 a factor of o?
False
Let x(p) = -9*p + 18. Let z be x(7). Let t be z/10 - (-6)/(-4). Does 17 divide (9/t)/((-6)/248)?
False
Suppose 4*o - 5*u - 180 = 0, -o + 0*u + 45 = 2*u. Does 9 divide o?
True
Let v(b) = 3*b**3 - 16*b**2 + 3*b - 10. Let q(r) = 2*r**3 - 8*r**2 + 2*r - 5. Let h(y) = 5*q(y) - 3*v(y). Does 16 divide h(-6)?
False
Suppose 0 = -4*u - 20, -7*r + 2*u = -4*r - 169. Is r a multiple of 4?
False
Let o = -20 + 30. Let j = o - 6. Suppose 152 = 5*q - 3*r, -r - j*r = -4*q + 132. Does 14 divide q?
True
Let h = 5 + -1. Suppose -d = -3*y - 116, -2*d + 0*y + 212 = h*y. Does 11 divide d?
True
Let a(g) be the third derivative of 2*g**2 + 1/6*g**3 + 3/40*g**6 + 0*g - 1/30*g**5 + 1/12*g**4 + 0. Is a(2) a multiple of 26?
False
Let t = -11 - -8. Let x be ((-12)/(-2))/(t/(-10)). Does 7 divide 58/2 - x/(-10)?
False
Suppose -20*t + 23*t - 1749 = 0. Is 11 a factor of t?
True
Let o = 17 - 5. Let y(j) = j**3 - 13*j**2 + 13*j - 18. Let s be y(o). Is 14 a factor of (-588)/(-7)*(-3)/s?
True
Let w = 11 - 7. Suppose 227 = 5*h - 6*v + w*v, -4*v = 4. Let i = 5 + h. Is 10 a factor of i?
True
Let t(v) = 12*v**2 + 6*v + 12. Does 12 divide t(-8)?
True
Suppose -4 = -2*a, 0*a + 16 = -2*r - 5*a. Let t be (-19)/7 - 2/7. Is (2 + 4)*r/t a multiple of 13?
True
Suppose 0 = -5*y + 3*c + 8, 0 = y - 4*c + 1 + 11. Let k(w) = -w**3 - 2*w**2 + 5*w + 9. Let z be k(-6). Suppose y*q - q = z. Does 14 divide q?
False
Let z(c) = -c**2 - 12*c - 7. Suppose -30 + 6 = 2*q + 3*h, 4*q = 2*h - 16. Is z(q) a multiple of 25?
False
Let y(h) = -h**3 - 4*h**2 - 7*h - 4. Let t be y(-4). Let r = t + -18. Is 2 a factor of r?
True
Let u(t) = t**3 + 10*t**2 + 14*t + 8. Let d = -8 - 0. Does 7 divide u(d)?
False
Let i be 10/(-3)*-36 - 0. Let k = i - 65. Suppose 0 = -2*x - 5*u + 83, 0*x - 2*u - k = -x. Does 13 divide x?
False
Let v(l) = -l + 204. Does 10 divide v(34)?
True
Suppose 0 = i +